{"id":355,"date":"2025-02-25T21:41:04","date_gmt":"2025-02-25T20:41:04","guid":{"rendered":"https:\/\/studiolelush.com\/?page_id=355"},"modified":"2026-03-30T11:19:56","modified_gmt":"2026-03-30T09:19:56","slug":"shop","status":"publish","type":"page","link":"https:\/\/studiolelush.com\/?page_id=355","title":{"rendered":"Shop"},"content":{"rendered":"<p>[et_pb_section fb_built=&#8221;1&#8243; fullwidth=&#8221;on&#8221; _builder_version=&#8221;4.27.2&#8243; _module_preset=&#8221;default&#8221; locked=&#8221;off&#8221; global_colors_info=&#8221;{}&#8221;][et_pb_fullwidth_image src=&#8221;https:\/\/studiolelush.com\/wp-content\/uploads\/2025\/08\/Gruppe-25.png&#8221; _builder_version=&#8221;4.27.4&#8243; _module_preset=&#8221;default&#8221; global_colors_info=&#8221;{}&#8221;][\/et_pb_fullwidth_image][\/et_pb_section][et_pb_section fb_built=&#8221;1&#8243; custom_padding_last_edited=&#8221;on|desktop&#8221; _builder_version=&#8221;4.27.4&#8243; _module_preset=&#8221;default&#8221; background_color=&#8221;#FFFFFF&#8221; custom_margin=&#8221;4px||0px||false|false&#8221; custom_padding=&#8221;70px||6px||false|false&#8221; custom_padding_tablet=&#8221;70px||70px||false|false&#8221; custom_padding_phone=&#8221;50px||50px||true|false&#8221; global_colors_info=&#8221;{}&#8221;][et_pb_row column_structure=&#8221;1_2,1_2&#8243; custom_padding_last_edited=&#8221;on|phone&#8221; _builder_version=&#8221;4.27.4&#8243; _module_preset=&#8221;default&#8221; custom_margin=&#8221;100px||0px||false|false&#8221; custom_margin_tablet=&#8221;100px||0px||false|false&#8221; custom_margin_phone=&#8221;50px||||false|false&#8221; custom_margin_last_edited=&#8221;on|phone&#8221; custom_padding=&#8221;0px||0px||false|false&#8221; custom_padding_tablet=&#8221;0px||0px||false|false&#8221; custom_padding_phone=&#8221;0px||0px||false|false&#8221; global_colors_info=&#8221;{}&#8221;][et_pb_column type=&#8221;1_2&#8243; _builder_version=&#8221;4.27.2&#8243; _module_preset=&#8221;default&#8221; global_colors_info=&#8221;{}&#8221;][et_pb_image src=&#8221;https:\/\/studiolelush.com\/wp-content\/uploads\/2025\/08\/workshop2.png&#8221; _builder_version=&#8221;4.27.4&#8243; _module_preset=&#8221;default&#8221; width=&#8221;80%&#8221; width_tablet=&#8221;80%&#8221; width_phone=&#8221;87%&#8221; width_last_edited=&#8221;on|phone&#8221; max_width=&#8221;100%&#8221; min_height_tablet=&#8221;&#8221; min_height_phone=&#8221;420px&#8221; min_height_last_edited=&#8221;on|tablet&#8221; custom_margin=&#8221;100px||||false|false&#8221; global_colors_info=&#8221;{}&#8221; width__hover_enabled=&#8221;on|desktop&#8221; width__hover=&#8221;80%&#8221;][\/et_pb_image][\/et_pb_column][et_pb_column type=&#8221;1_2&#8243; _builder_version=&#8221;4.27.2&#8243; _module_preset=&#8221;default&#8221; global_colors_info=&#8221;{}&#8221;][et_pb_blurb title=&#8221;WORKSHOP &#8221; _builder_version=&#8221;4.27.4&#8243; _module_preset=&#8221;c56f116c-dc66-40cd-87e1-855153d0f457&#8243; header_text_align=&#8221;center&#8221; header_font_size=&#8221;19px&#8221; body_text_align=&#8221;center&#8221; custom_margin_tablet=&#8221;0px||40px||false|false&#8221; custom_margin_phone=&#8221;0px||0px||false|false&#8221; custom_margin_last_edited=&#8221;on|tablet&#8221; custom_padding=&#8221;||0px||false|false&#8221; header_text_align_tablet=&#8221;center&#8221; header_text_align_phone=&#8221;left&#8221; header_text_align_last_edited=&#8221;on|desktop&#8221; body_text_align_tablet=&#8221;center&#8221; body_text_align_phone=&#8221;left&#8221; body_text_align_last_edited=&#8221;on|phone&#8221; locked=&#8221;off&#8221; global_colors_info=&#8221;{}&#8221;]<\/p>\n<p style=\"text-align: left;\">Hast du Lust, deinen eigenen Ring zu entwerfen und selbst herzustellen?<br \/>In meinem Workshop erh\u00e4ltst du eine Einf\u00fchrung in die <b>Grundlagen des Wachsmodellierens<\/b> und einen verst\u00e4ndlichen \u00dcberblick \u00fcber die <b>Lost-Wax-Casting-Methode<\/b>. Anschlie\u00dfend kannst du dein ganz pers\u00f6nliches Schmuckst\u00fcck aus Wachs gestalten, von der ersten Idee bis zur fertigen Form.<\/p>\n<p style=\"text-align: left;\">Ich begleite dich bei jedem Schritt, gebe kreative Impulse und helfe dir, deine Idee handwerklich umzusetzen.<\/p>\n<p style=\"text-align: left;\">Die Workshops finden in einer <b>kleinen Runde und entspannten Atmosph\u00e4re<\/b> statt, so bleibt genug Zeit f\u00fcr jede<i>n Einzelne<\/i>n.<\/p>\n<p style=\"text-align: left;\">Nachdem du dein Wachsmodell fertiggestellt hast, wird es in einer deutschen Gie\u00dferei in <b>925er Sterlingsilber<\/b> gegossen. Den Feinschliff und die professionelle Politur \u00fcbernehme ich anschlie\u00dfend in meinem Atelier in K\u00f6ln. Etwa drei bis vier Wochen sp\u00e4ter erh\u00e4ltst du dein einzigartiges Schmuckst\u00fcck per Post nach Hause.<\/p>\n<p style=\"text-align: left;\">Dieser Workshop eignet sich wunderbar als Geschenk, z.B. \u00a0zum Geburtstag, f\u00fcr besondere Anl\u00e4sse oder als Teamevent. Auch private Workshops f\u00fcr Gruppen oder Paare organisiere ich gerne auf Anfrage.<\/p>\n<p style=\"text-align: left;\">Schreib mir daf\u00fcr einfach an <b>mail@studiolelush.com<\/b><\/p>\n<p>[\/et_pb_blurb][\/et_pb_column][\/et_pb_row][et_pb_row column_structure=&#8221;1_2,1_2&#8243; _builder_version=&#8221;4.27.4&#8243; _module_preset=&#8221;default&#8221; module_alignment=&#8221;center&#8221; global_colors_info=&#8221;{}&#8221;][et_pb_column type=&#8221;1_2&#8243; _builder_version=&#8221;4.27.4&#8243; _module_preset=&#8221;default&#8221; global_colors_info=&#8221;{}&#8221;][\/et_pb_column][et_pb_column type=&#8221;1_2&#8243; _builder_version=&#8221;4.27.4&#8243; _module_preset=&#8221;default&#8221; global_colors_info=&#8221;{}&#8221;][et_pb_button button_url=&#8221;#buchen&#8221; button_text=&#8221;Jetzt buchen&#8221; button_alignment=&#8221;left&#8221; _builder_version=&#8221;4.27.4&#8243; _module_preset=&#8221;default&#8221; custom_button=&#8221;on&#8221; button_text_size=&#8221;20px&#8221; button_text_color=&#8221;gcid-48c0d713-753c-4b97-9905-ad957733629e&#8221; button_bg_color=&#8221;#0A0000&#8243; button_border_width=&#8221;9px&#8221; button_border_color=&#8221;#0A0000&#8243; button_border_radius=&#8221;100px&#8221; button_font=&#8221;&#8211;et_global_body_font|||on|||||&#8221; global_colors_info=&#8221;{%22gcid-48c0d713-753c-4b97-9905-ad957733629e%22:%91%22button_text_color%22%93}&#8221;][\/et_pb_button][\/et_pb_column][\/et_pb_row][\/et_pb_section][et_pb_section fb_built=&#8221;1&#8243; _builder_version=&#8221;4.27.2&#8243; _module_preset=&#8221;default&#8221; background_color=&#8221;gcid-1f1bf5fb-a99d-4acc-8d9e-ddac074c158c&#8221; custom_margin=&#8221;10px||||false|false&#8221; custom_margin_tablet=&#8221;30px||||false|false&#8221; custom_margin_phone=&#8221;0px||||false|false&#8221; custom_margin_last_edited=&#8221;on|phone&#8221; custom_padding=&#8221;11px||6px|||&#8221; global_colors_info=&#8221;{%22gcid-1f1bf5fb-a99d-4acc-8d9e-ddac074c158c%22:%91%22background_color%22%93}&#8221;][et_pb_row column_structure=&#8221;1_2,1_2&#8243; custom_padding_last_edited=&#8221;on|tablet&#8221; _builder_version=&#8221;4.27.4&#8243; _module_preset=&#8221;default&#8221; module_alignment=&#8221;center&#8221; custom_margin=&#8221;50px|0px|74px|0px|false|false&#8221; custom_margin_tablet=&#8221;|auto|50px|auto|false|false&#8221; custom_margin_phone=&#8221;50px|auto|50px|auto|false|false&#8221; custom_margin_last_edited=&#8221;on|phone&#8221; custom_padding=&#8221;0px|100px|0px|100px|false|false&#8221; custom_padding_tablet=&#8221;0px|0px|0px|0px|false|false&#8221; custom_padding_phone=&#8221;0px|0px|0px|0px|false|false&#8221; locked=&#8221;off&#8221; global_colors_info=&#8221;{}&#8221;][et_pb_column type=&#8221;1_2&#8243; _builder_version=&#8221;4.27.2&#8243; _module_preset=&#8221;default&#8221; global_colors_info=&#8221;{}&#8221;][et_pb_blurb content_max_width=&#8221;858px&#8221; content_max_width_tablet=&#8221;858px&#8221; content_max_width_phone=&#8221;1100px&#8221; content_max_width_last_edited=&#8221;on|phone&#8221; _builder_version=&#8221;4.27.4&#8243; _module_preset=&#8221;c56f116c-dc66-40cd-87e1-855153d0f457&#8243; header_text_align=&#8221;center&#8221; header_font_size=&#8221;19px&#8221; body_text_align=&#8221;center&#8221; body_text_color=&#8221;#FFFFFF&#8221; custom_margin=&#8221;50px||4px|0px|false|false&#8221; custom_margin_tablet=&#8221;0px||0px||false|false&#8221; custom_margin_phone=&#8221;0px||0px||false|false&#8221; custom_margin_last_edited=&#8221;on|phone&#8221; custom_padding=&#8221;|0px|0px|0px|false|false&#8221; header_text_align_tablet=&#8221;center&#8221; header_text_align_phone=&#8221;left&#8221; header_text_align_last_edited=&#8221;on|desktop&#8221; body_text_align_tablet=&#8221;center&#8221; body_text_align_phone=&#8221;left&#8221; body_text_align_last_edited=&#8221;on|tablet&#8221; border_color_all=&#8221;#FFFFFF&#8221; locked=&#8221;off&#8221; global_colors_info=&#8221;{}&#8221;]<\/p>\n<p style=\"text-align: left;\"><b>180 \u20ac <span>inkl. MwSt. p.P zzgl. Silber<\/span><\/b><\/p>\n<p style=\"text-align: left;\"><b>Im Preis enthalten<\/b><\/p>\n<ul style=\"text-align: left;\">\n<li>4 Stunden Workshop<\/li>\n<li>eine Einf\u00fchrung in die Grundlagen der Schmuckgestaltung und des Wachsmodellierens<\/li>\n<li>Nutzung aller Werkzeuge und Materialien im Workshop<\/li>\n<li>Snacks &amp; Drinks<\/li>\n<li>Gusskosten<span class=\"Apple-converted-space\">\u00a0<\/span><\/li>\n<li>Nachbearbeitung &amp; Politur deines Schmuckst\u00fccks<\/li>\n<li>Versicherter Versand innerhalb Deutschlands<\/li>\n<\/ul>\n<p style=\"text-align: left;\"><strong>Bitte beachte<\/strong>: F\u00fcr das Silber entstehen <strong>zus\u00e4tzliche Materialkosten<\/strong> von ca. 50\u201390 \u20ac (abh\u00e4ngig vom Gewicht deines Schmuckst\u00fccks).<\/p>\n<p style=\"text-align: left;\"><span>Die Gruppengr\u00f6\u00dfe ist auf maximal 8 Personen begrenzt. <\/span>Der Workshop findet auf Deutsch statt, bei Bedarf spreche jedoch auch flie\u00dfend Englisch und beantworte Fragen gerne in beiden Sprachen.<\/p>\n<p><span style=\"font-family: inherit;\">\u00a0<\/span><span style=\"font-family: inherit;\"><\/span><\/p>\n<p>[\/et_pb_blurb][et_pb_button button_url=&#8221;#buchen&#8221; button_text=&#8221;Jetzt buchen&#8221; button_alignment=&#8221;left&#8221; _builder_version=&#8221;4.27.4&#8243; _module_preset=&#8221;default&#8221; custom_button=&#8221;on&#8221; button_text_size=&#8221;20px&#8221; button_text_color=&#8221;#0A0000&#8243; button_bg_color=&#8221;#FFFFFF&#8221; button_border_width=&#8221;9px&#8221; button_border_color=&#8221;#FFFFFF&#8221; button_border_radius=&#8221;100px&#8221; button_font=&#8221;&#8211;et_global_body_font|||on|||||&#8221; custom_margin=&#8221;0px||||false|false&#8221; global_colors_info=&#8221;{}&#8221;][\/et_pb_button][\/et_pb_column][et_pb_column type=&#8221;1_2&#8243; _builder_version=&#8221;4.27.2&#8243; _module_preset=&#8221;default&#8221; global_colors_info=&#8221;{}&#8221;][et_pb_blurb content_max_width=&#8221;858px&#8221; content_max_width_tablet=&#8221;858px&#8221; content_max_width_phone=&#8221;1100px&#8221; content_max_width_last_edited=&#8221;on|phone&#8221; _builder_version=&#8221;4.27.4&#8243; _module_preset=&#8221;c56f116c-dc66-40cd-87e1-855153d0f457&#8243; header_text_align=&#8221;center&#8221; header_font_size=&#8221;19px&#8221; body_text_align=&#8221;center&#8221; body_text_color=&#8221;#FFFFFF&#8221; custom_margin=&#8221;50px||50px|0px|false|false&#8221; custom_margin_tablet=&#8221;0px||0px||false|false&#8221; custom_margin_phone=&#8221;0px||0px||false|false&#8221; custom_margin_last_edited=&#8221;on|phone&#8221; custom_padding=&#8221;|0px||0px|false|false&#8221; header_text_align_tablet=&#8221;center&#8221; header_text_align_phone=&#8221;left&#8221; header_text_align_last_edited=&#8221;on|desktop&#8221; body_text_align_tablet=&#8221;center&#8221; body_text_align_phone=&#8221;left&#8221; body_text_align_last_edited=&#8221;on|tablet&#8221; locked=&#8221;off&#8221; global_colors_info=&#8221;{}&#8221;]<\/p>\n<p style=\"text-align: left;\">* Mit der Buchungsbest\u00e4tigung ist deine Teilnahme verbindlich. Stornierungen sind bis 7 Tage vor Kursbeginn m\u00f6glich und werden in Form eines Gutscheins gutgeschrieben. Der Workshop ist ab 16 Jahren geeignet, Minderj\u00e4hrige k\u00f6nnen nur in Begleitung einer aufsichtsberechtigten Person teilnehmen. Sicherheit hat f\u00fcr mich h\u00f6chste Priorit\u00e4t, dennoch erfolgt die Teilnahme auf eigene Verantwortung. Mit der Buchung dieses Kurses versicherst du, dass du eine private Haftpflichtversicherung hast.<\/p>\n<p style=\"text-align: left;\"><span>Der Workshop findet in der<strong> Geisselstra\u00dfe 39, 50823 K\u00f6ln<\/strong> statt.<\/span><\/p>\n<p style=\"text-align: left;\">Fragen? Schreib mir jederzeit an <b>mail@studiolelush.com<\/b>.<\/p>\n<p>[\/et_pb_blurb][\/et_pb_column][\/et_pb_row][\/et_pb_section][et_pb_section fb_built=&#8221;1&#8243; fullwidth=&#8221;on&#8221; _builder_version=&#8221;4.27.2&#8243; _module_preset=&#8221;default&#8221; global_colors_info=&#8221;{}&#8221;][et_pb_fullwidth_code _builder_version=&#8221;4.27.4&#8243; _module_preset=&#8221;default&#8221; global_colors_info=&#8221;{}&#8221;]<\/p>\n<div class=\"video-hero\"><!-- [et_pb_line_break_holder] -->  <video autoplay muted loop playsinline><!-- [et_pb_line_break_holder] --><source src=\"https:\/\/studiolelush.com\/wp-content\/uploads\/2025\/10\/video2.mp4\" \/><!-- [et_pb_line_break_holder] -->    Dein Browser unterst\u00fctzt dieses Video nicht.<!-- [et_pb_line_break_holder] --><\/video><!-- [et_pb_line_break_holder] -->  <\/p>\n<div class=\"video-overlay\"><!-- [et_pb_line_break_holder] -->    <!-- Optionaler Text oder Button --><!-- [et_pb_line_break_holder] -->  <\/div>\n<p><!-- [et_pb_line_break_holder] --><\/div>\n<p><!-- [et_pb_line_break_holder] --><!-- [et_pb_line_break_holder] --><\/p>\n<style><!-- [et_pb_line_break_holder] -->.video-hero {<!-- [et_pb_line_break_holder] -->  position: relative;<!-- [et_pb_line_break_holder] -->  width: 100%;<!-- [et_pb_line_break_holder] -->  height: 100vh;<!-- [et_pb_line_break_holder] -->  overflow: hidden;<!-- [et_pb_line_break_holder] -->}<!-- [et_pb_line_break_holder] --><!-- [et_pb_line_break_holder] -->.video-hero video {<!-- [et_pb_line_break_holder] -->  position: absolute;<!-- [et_pb_line_break_holder] -->  top: 50%;<!-- [et_pb_line_break_holder] -->  left: 50%;<!-- [et_pb_line_break_holder] -->  min-width: 100%;<!-- [et_pb_line_break_holder] -->  min-height: 100%;<!-- [et_pb_line_break_holder] -->  transform: translate(-50%, -50%);<!-- [et_pb_line_break_holder] -->  object-fit: cover;<!-- [et_pb_line_break_holder] -->  width: auto;<!-- [et_pb_line_break_holder] -->  height: auto;<!-- [et_pb_line_break_holder] -->}<!-- [et_pb_line_break_holder] --><!-- [et_pb_line_break_holder] -->.video-overlay {<!-- [et_pb_line_break_holder] -->  position: relative;<!-- [et_pb_line_break_holder] -->  z-index: 2;<!-- [et_pb_line_break_holder] -->  \/* Inhalt nach Wunsch zentrieren *\/<!-- [et_pb_line_break_holder] -->}<!-- [et_pb_line_break_holder] --><!-- [et_pb_line_break_holder] -->\/* Responsive Anpassung f\u00fcr kleinere Screens *\/<!-- [et_pb_line_break_holder] -->@media (max-width: 1024px) {<!-- [et_pb_line_break_holder] -->  .video-hero {<!-- [et_pb_line_break_holder] -->    height: 70vh;<!-- [et_pb_line_break_holder] -->  }<!-- [et_pb_line_break_holder] -->}<!-- [et_pb_line_break_holder] --><!-- [et_pb_line_break_holder] -->@media (max-width: 768px) {<!-- [et_pb_line_break_holder] -->  .video-hero {<!-- [et_pb_line_break_holder] -->    height: 50vh;<!-- [et_pb_line_break_holder] -->  }<!-- [et_pb_line_break_holder] -->}<!-- [et_pb_line_break_holder] --><\/style>\n<p><!-- [et_pb_line_break_holder] -->[\/et_pb_fullwidth_code][\/et_pb_section][et_pb_section fb_built=&#8221;1&#8243; _builder_version=&#8221;4.27.4&#8243; _module_preset=&#8221;default&#8221; global_colors_info=&#8221;{}&#8221;][et_pb_row module_id=&#8221;buchen&#8221; _builder_version=&#8221;4.27.4&#8243; _module_preset=&#8221;default&#8221; global_colors_info=&#8221;{}&#8221;][et_pb_column type=&#8221;4_4&#8243; _builder_version=&#8221;4.27.4&#8243; _module_preset=&#8221;default&#8221; global_colors_info=&#8221;{}&#8221;][et_pb_contact_form email=&#8221;mail@studiolelush.com&#8221; title=&#8221;SENDE MIR GERNE DEINE WORKSHOP-ANFRAGE&#8221; success_message=&#8221;Danke f\u00fcr deine Anfrage! Ich melde mich so schnell wie m\u00f6glich bei dir zur\u00fcck!&#8221; submit_button_text=&#8221;Senden&#8221; _builder_version=&#8221;4.27.4&#8243; _module_preset=&#8221;default&#8221; _unique_id=&#8221;ad6741d2-aa82-403b-aa2d-a619572eeaeb&#8221; form_field_background_color=&#8221;RGBA(255,255,255,0)&#8221; form_field_text_color=&#8221;#0A0000&#8243; form_field_focus_background_color=&#8221;RGBA(255,255,255,0)&#8221; title_font=&#8221;Montserrat||||||||&#8221; captcha_font=&#8221;Montserrat||||||||&#8221; custom_button=&#8221;on&#8221; button_text_color=&#8221;#0A0000&#8243; button_border_radius=&#8221;0px&#8221; button_font=&#8221;Montserrat||||||||&#8221; hover_enabled=&#8221;0&#8243; border_width_all=&#8221;2px&#8221; global_colors_info=&#8221;{}&#8221; sticky_enabled=&#8221;0&#8243;][et_pb_contact_field field_id=&#8221;Name&#8221; field_title=&#8221;Name&#8221; _builder_version=&#8221;4.16&#8243; global_colors_info=&#8221;{}&#8221; button_text_size__hover_enabled=&#8221;off&#8221; button_one_text_size__hover_enabled=&#8221;off&#8221; button_two_text_size__hover_enabled=&#8221;off&#8221; button_text_color__hover_enabled=&#8221;off&#8221; button_one_text_color__hover_enabled=&#8221;off&#8221; button_two_text_color__hover_enabled=&#8221;off&#8221; button_border_width__hover_enabled=&#8221;off&#8221; button_one_border_width__hover_enabled=&#8221;off&#8221; button_two_border_width__hover_enabled=&#8221;off&#8221; button_border_color__hover_enabled=&#8221;off&#8221; button_one_border_color__hover_enabled=&#8221;off&#8221; button_two_border_color__hover_enabled=&#8221;off&#8221; button_border_radius__hover_enabled=&#8221;off&#8221; button_one_border_radius__hover_enabled=&#8221;off&#8221; button_two_border_radius__hover_enabled=&#8221;off&#8221; button_letter_spacing__hover_enabled=&#8221;off&#8221; button_one_letter_spacing__hover_enabled=&#8221;off&#8221; button_two_letter_spacing__hover_enabled=&#8221;off&#8221; button_bg_color__hover_enabled=&#8221;off&#8221; button_one_bg_color__hover_enabled=&#8221;off&#8221; button_two_bg_color__hover_enabled=&#8221;off&#8221;][\/et_pb_contact_field][et_pb_contact_field field_id=&#8221;Email&#8221; field_title=&#8221;E-Mail-Adresse&#8221; field_type=&#8221;email&#8221; _builder_version=&#8221;4.27.4&#8243; global_colors_info=&#8221;{}&#8221; button_text_size__hover_enabled=&#8221;off&#8221; button_one_text_size__hover_enabled=&#8221;off&#8221; button_two_text_size__hover_enabled=&#8221;off&#8221; button_text_color__hover_enabled=&#8221;off&#8221; button_one_text_color__hover_enabled=&#8221;off&#8221; button_two_text_color__hover_enabled=&#8221;off&#8221; button_border_width__hover_enabled=&#8221;off&#8221; button_one_border_width__hover_enabled=&#8221;off&#8221; button_two_border_width__hover_enabled=&#8221;off&#8221; button_border_color__hover_enabled=&#8221;off&#8221; button_one_border_color__hover_enabled=&#8221;off&#8221; button_two_border_color__hover_enabled=&#8221;off&#8221; button_border_radius__hover_enabled=&#8221;off&#8221; button_one_border_radius__hover_enabled=&#8221;off&#8221; button_two_border_radius__hover_enabled=&#8221;off&#8221; button_letter_spacing__hover_enabled=&#8221;off&#8221; button_one_letter_spacing__hover_enabled=&#8221;off&#8221; button_two_letter_spacing__hover_enabled=&#8221;off&#8221; button_bg_color__hover_enabled=&#8221;off&#8221; button_one_bg_color__hover_enabled=&#8221;off&#8221; button_two_bg_color__hover_enabled=&#8221;off&#8221;][\/et_pb_contact_field][et_pb_contact_field field_id=&#8221;Field_5&#8243; field_title=&#8221;Workshops&#8221; field_type=&#8221;checkbox&#8221; checkbox_options=&#8221;%91{%22value%22:%22WORKSHOP &#8211; 19.04.2026 I 11-15 Uhr %22,%22checked%22:0,%22dragID%22:-1},{%22value%22:%22WORKSHOP &#8211; 31.05.2026 I 11-15 Uhr %22,%22checked%22:0,%22dragID%22:0}%93&#8243; fullwidth_field=&#8221;on&#8221; _builder_version=&#8221;4.27.4&#8243; _module_preset=&#8221;default&#8221; hover_enabled=&#8221;0&#8243; global_colors_info=&#8221;{}&#8221; sticky_enabled=&#8221;0&#8243;][\/et_pb_contact_field][et_pb_contact_field field_id=&#8221;Message&#8221; field_title=&#8221;Deine Anmerkungen und Fragen &#8221; field_type=&#8221;text&#8221; fullwidth_field=&#8221;on&#8221; _builder_version=&#8221;4.27.4&#8243; global_colors_info=&#8221;{}&#8221; button_text_size__hover_enabled=&#8221;off&#8221; button_one_text_size__hover_enabled=&#8221;off&#8221; button_two_text_size__hover_enabled=&#8221;off&#8221; button_text_color__hover_enabled=&#8221;off&#8221; button_one_text_color__hover_enabled=&#8221;off&#8221; button_two_text_color__hover_enabled=&#8221;off&#8221; button_border_width__hover_enabled=&#8221;off&#8221; button_one_border_width__hover_enabled=&#8221;off&#8221; button_two_border_width__hover_enabled=&#8221;off&#8221; button_border_color__hover_enabled=&#8221;off&#8221; button_one_border_color__hover_enabled=&#8221;off&#8221; button_two_border_color__hover_enabled=&#8221;off&#8221; button_border_radius__hover_enabled=&#8221;off&#8221; button_one_border_radius__hover_enabled=&#8221;off&#8221; button_two_border_radius__hover_enabled=&#8221;off&#8221; button_letter_spacing__hover_enabled=&#8221;off&#8221; button_one_letter_spacing__hover_enabled=&#8221;off&#8221; button_two_letter_spacing__hover_enabled=&#8221;off&#8221; button_bg_color__hover_enabled=&#8221;off&#8221; button_one_bg_color__hover_enabled=&#8221;off&#8221; button_two_bg_color__hover_enabled=&#8221;off&#8221;][\/et_pb_contact_field][\/et_pb_contact_form][\/et_pb_column][\/et_pb_row][\/et_pb_section]<\/p>\n","protected":false},"excerpt":{"rendered":"<p>Hast du Lust, deinen eigenen Ring zu entwerfen und selbst herzustellen?In meinem Workshop erh\u00e4ltst du eine Einf\u00fchrung in die Grundlagen des Wachsmodellierens und einen verst\u00e4ndlichen \u00dcberblick \u00fcber die Lost-Wax-Casting-Methode. Anschlie\u00dfend kannst du dein ganz pers\u00f6nliches Schmuckst\u00fcck aus Wachs gestalten, von der ersten Idee bis zur fertigen Form. Ich begleite dich bei jedem Schritt, gebe kreative [&hellip;]<\/p>\n","protected":false},"author":1,"featured_media":0,"parent":0,"menu_order":0,"comment_status":"closed","ping_status":"closed","template":"","meta":{"_et_pb_use_builder":"on","_et_pb_old_content":"","_et_gb_content_width":"","footnotes":""},"class_list":["post-355","page","type-page","status-publish","hentry"],"_links":{"self":[{"href":"https:\/\/studiolelush.com\/index.php?rest_route=\/wp\/v2\/pages\/355","targetHints":{"allow":["GET"]}}],"collection":[{"href":"https:\/\/studiolelush.com\/index.php?rest_route=\/wp\/v2\/pages"}],"about":[{"href":"https:\/\/studiolelush.com\/index.php?rest_route=\/wp\/v2\/types\/page"}],"author":[{"embeddable":true,"href":"https:\/\/studiolelush.com\/index.php?rest_route=\/wp\/v2\/users\/1"}],"replies":[{"embeddable":true,"href":"https:\/\/studiolelush.com\/index.php?rest_route=%2Fwp%2Fv2%2Fcomments&post=355"}],"version-history":[{"count":10,"href":"https:\/\/studiolelush.com\/index.php?rest_route=\/wp\/v2\/pages\/355\/revisions"}],"predecessor-version":[{"id":1264,"href":"https:\/\/studiolelush.com\/index.php?rest_route=\/wp\/v2\/pages\/355\/revisions\/1264"}],"wp:attachment":[{"href":"https:\/\/studiolelush.com\/index.php?rest_route=%2Fwp%2Fv2%2Fmedia&parent=355"}],"curies":[{"name":"wp","href":"https:\/\/api.w.org\/{rel}","templated":true}]}}